**4/4 - 4*d**3/3 - 7*d**2/2 - 6*d - 88. Determine y(6).
24
Suppose -12 = 5*c + 3*s, 0 = -c + 3*c - 5*s + 11. Let a(u) = -u**3 - 2*u**2 + 2*u - 1. Determine a(c).
2
Suppose 9 = -3*t + 15. Let u(i) be the second derivative of 1/6*i**3 + 9/2*i**t + 2*i + 0. Determine u(0).
9
Let b(d) = 122*d - 6. Let n(g) = -142*g + 7. Let r(k) = 7*b(k) + 6*n(k). Let x be 2/(-4) + 7/2. What is r(x)?
6
Let a be 6*1/(-2) + 2 + -2. Let u(o) = -o**3 - 4*o**2 - 3*o - 6. Determine u(a).
-6
Let w(d) = 13*d - 140. Let j be w(11). Let t(x) be the second derivative of -j*x + 0 + 2*x**2 - 1/6*x**3. Give t(6).
-2
Let v(g) = 2*g - 1. Let x(q) = -1. Let p(n) = v(n) - 2*x(n). Determine p(-3).
-5
Let u(q) = -q**2 - 12*q - 8. Let z be (20/25)/((-4)/50). Determine u(z).
12
Let m(q) be the third derivative of 0*q + 0 + 2*q**2 + q**3 - 1/24*q**4. Let h = -8 + 17. Determine m(h).
-3
Let z be (-22)/(-18) + (-16)/72 - -2. Let v(y) = 6*y - y**z - 156*y**2 - 161*y**2 + 321*y**2 - 4. Calculate v(4).
20
Suppose -10*a + 84 = -26. Let y(m) be the third derivative of 0*m + 1/3*m**3 - a*m**2 - 1/60*m**5 + 0 + 1/24*m**4. Determine y(2).
0
Let r(l) = -l + 1. Let b(k) = 3*k + 10. Let x(i) = -b(i) - 2*r(i). Calculate x(-4).
-8
Let f(x) = -6*x**2 - 24*x - 44. Let g(d) = -7*d**2 - 25*d - 45. Let v(u) = 6*f(u) - 5*g(u). Give v(-16).
9
Suppose -l - 24 + 9 = 0. Let h = -15 - l. Let j(m) = m + 2. Calculate j(h).
2
Let q(l) = -l**2 - 6*l - 5. Let j = 33 - 38. What is q(j)?
0
Suppose 0*z + 5*z - 150 = 0. Let r = z - 28. Let o(g) = -g - 1. Let q(x) = x**2 + 2*x + 3. Let n(v) = 2*o(v) + q(v). Give n(r).
5
Suppose -6 + 4 = 2*a. Let m(q) = -q + 1. Let i(g) = 6. Let r(j) = a*i(j) - 2*m(j). What is r(-6)?
-20
Let p(o) = -o**3 - 4*o**2 - o + 6. Let d be ((-8)/24)/(-2*(-3)/72). Determine p(d).
10
Let l = 2493 - 2496. Let b(p) = p**2 + 4*p - 1. Determine b(l).
-4
Let b(l) = l - 17. Let d be b(5). Let k = d + 4. Let p = -8 - k. Let i(a) = a**2 + 6. Give i(p).
6
Suppose -2*s + u + 26 = -37, -4*s = -5*u - 111. Let i be (-6)/9 + s/(-3). Let n = -15 - i. Let l(f) = -4*f - 2. Give l(n).
10
Let h(j) = -j + 3. Suppose -174 - 522 = -58*u. Give h(u).
-9
Let f(q) = q - 97 + 96 - 18*q**2 + q**2. Determine f(1).
-17
Suppose -8 - 58 = -5*f - 4*t, 4*f - 48 = -2*t. Suppose -z + 16 - f = 0. Let l(p) = 3 - z*p + 9*p - 4 - 5*p. Give l(-6).
11
Let p(w) = -w**2 + 7*w - 2. Suppose 2*a + 49*a = 204. Give p(a).
10
Suppose 0*s + 4*j + 2 = 2*s, -2*s + 5*j = -1. Let l(v) = 3*v**2 - s*v**3 + 4*v**3 + 2*v**2 + 6 + 2*v. What is l(-5)?
-4
Let k(z) be the second derivative of -z**5/20 - 7*z**4/12 + z**3/2 + 8*z**2 - 10*z. Let h be k(-7). Let s(t) = 4*t + 1. Calculate s(h).
-19
Let k(n) = 6*n**3 - n**2 - n + 1. Let o = 850 + -849. Give k(o).
5
Let z(c) = 306*c**2 - 155*c**2 - c - 149*c**2 + 2*c**3 + 1. Give z(2).
23
Let j(k) = k**2 + 12*k**2 - 10*k**2 - 3*k + k**3 + 0*k**2 + 4. Give j(-4).
0
Let n(d) = d**3 + 3*d**2 - 22*d - 43. Let w be n(-4). Let r(k) = k - 33. What is r(w)?
-4
Let f(t) be the third derivative of t**6/120 + t**5/12 + t**4/8 - 2*t**3/3 + t**2. Suppose -245*m + 241*m = 16. Determine f(m).
0
Let t(m) = 78*m**3 - 10*m + 9 + 7*m**2 - 2*m**2 - 73*m**3. Let s(h) = -4*h**3 - 5*h**2 + 9*h - 8. Let f(c) = 6*s(c) + 5*t(c). Give f(3).
-9
Let h(i) be the first derivative of i**4/4 - i**2/2 + 7*i - 5. Let g(d) = d**3 - 7*d**2 + 6*d. Let a = -6 + 12. Let r be g(a). What is h(r)?
7
Let x be (-1)/2 - 407/(-22). Let o = 3 - x. Let s be 5/o*15*-1. Let p(j) = 2*j - 2. Determine p(s).
8
Let n(g) be the first derivative of g**4/4 - 4*g**3 + g**2 - 8*g - 29. Give n(12).
16
Let c(b) = -8*b**2 - 16*b + 14. Let s(z) = 3*z**2 + 6*z - 5. Let d(j) = 4*c(j) + 11*s(j). Determine d(-2).
1
Let t(a) = -a**2 - 9*a - 6. Let s be (8/(-24))/((-1)/(-15)). Determine t(s).
14
Let d(w) = -11*w - 2. Suppose 257*b + 2 = 256*b. Determine d(b).
20
Let a(u) = -3*u**3 + 4*u**2 + 3*u - 10. Let o(j) = 7*j**3 - 7*j**2 - 6*j + 21. Let i(b) = -5*a(b) - 2*o(b). Determine i(6).
-10
Suppose -4*z + 55 = 3*k - 0*z, -3*k + z + 65 = 0. Suppose -25*t = -k*t - 8. Let n = t + 1. Let h(y) = 3*y - 3. Give h(n).
6
Let w(o) = o - 1. Let p(d) = 9*d**2 - 3*d + 5. Let x(t) = p(t) + 4*w(t). Let g(z) = -3*z + 20. Suppose -3*y + 7 = -2*y. Let m be g(y). Give x(m).
9
Let d(z) be the second derivative of -3*z**5/10 - z**4/6 - z**3/3 - z**2/2 - 7*z. Suppose -15 = 5*s + 15. Let t be ((-4)/s)/((-4)/6). Calculate d(t).
5
Let n(s) = 60*s**3 - 8*s**2 - 3 - 30*s**3 - 31*s**3 + 8. What is n(-8)?
5
Let o = 15 - 7. Suppose o = -2*a, -22 = -5*h + 2*a + a. Suppose h*u = -2*m - 2, 4*m = m + 5*u + 29. Let y(g) = -g**2 + 3. Determine y(m).
-6
Let d(j) = 2 + 158*j + 155*j - 312*j. Determine d(10).
12
Let n(q) be the first derivative of 2*q**3/3 - 17*q**2/2 - 4*q + 283. Give n(9).
5
Let g(k) be the first derivative of -2*k**3 + 0*k**4 + 9 + 0*k + 0*k**2 + 1/120*k**5. Let h(w) be the third derivative of g(w). Give h(4).
4
Let l(n) = 2*n + 50. Let u(v) = -2. Let h(q) = 2*l(q) + 44*u(q). What is h(-4)?
-4
Let j(b) be the second derivative of b**3/6 - 3*b**2 + 303*b + 2. Suppose 2*n = 5*n - 18. Determine j(n).
0
Let x(p) be the second derivative of p**4/12 - 2*p**3/3 + 3*p**2/2 + 32*p. What is x(4)?
3
Let q(s) = -s**3 - 1. Let d(r) = 2*r**3 - 4*r**2 + r - 3. Let g(i) = -d(i) - q(i). Let h = -46 - -55. Suppose h + 3 = 4*u. Calculate g(u).
10
Let l(x) = 25*x**3 + x**2 - x + 1. Let u be l(1). Let v(p) = 2 - 1 + u*p - 27*p + 7*p**2. Give v(2).
27
Let c = 9 - 8. Let o(v) = 380*v - v**2 - c - 13*v**2 - 379*v. Let j(u) = -u - 2. Let q be j(-3). Give o(q).
-14
Let q(k) = 22 + k - 69 + 14 + 18. What is q(10)?
-5
Let p(g) = -7*g**2 + 2*g - 3. Let n(i) = -13*i**2 + 4*i - 5. Let z(v) = -6*n(v) + 11*p(v). What is z(-4)?
21
Let g(y) be the third derivative of y**5/60 - 3*y**4/8 - 3*y**3/2 - y**2 - 17. Calculate g(9).
-9
Let h(i) = -i - 1. Let p(g) = -2. Let s(j) = j + 1. Let m(o) = -p(o) - 3*s(o). Let x be ((-208)/(-24) - 8)/(1/(-3)). Let c(z) = x*m(z) + 5*h(z). What is c(-6)?
-9
Let i(f) = 35*f**3 + 2*f**2 + f - 3. Let d be i(1). Suppose 0 = a + d - 36. Let h(y) = -9*y**3 - 2*y**2 + y. What is h(a)?
-10
Let c(n) = 987627 + 21*n - 987627. Let b = -2 - -3. Give c(b).
21
Let s be (530/(-50) + 9)/(4/10). Let a(b) = b + 7. Calculate a(s).
3
Let u(a) = 7*a**2 + 7*a - 8. Let v(l) = 10*l**2 + 10*l - 11. Let b(f) = 7*u(f) - 5*v(f). Give b(0).
-1
Suppose -4*x + 3*x = -2. Suppose 24 = x*w - 5*w. Let f(z) be the second derivative of z**5/20 + 7*z**4/12 - 4*z**3/3 + z**2/2 + 3*z. Give f(w).
1
Let i(x) be the third derivative of x**6/60 + x**5/60 - x**4/12 + x**3/6 + x**2. Let u(t) = t**2 - 7*t + 26. Let a be u(4). Suppose 8*n - 2 = a. What is i(n)?
17
Let m(s) = -6*s**3 - s**2 + 1. Suppose -8 + 0 = c. Let i be (c + 7)/(1/3). Let q = -2 - i. Give m(q).
-6
Let x(s) = -2*s**2 + 14*s + 1. Let z be 14 + 4615/(-639) + (-4)/(-18). Calculate x(z).
1
Suppose -3*q + 5 = -3*g - 28, 0 = -2*q - g + 7. Suppose -5*p = -2*p - q. Let l(t) = 6*t - 12*t + t**2 + 5 - p. What is l(5)?
-2
Let x(g) = g**2 + 27*g + 78. Let r be x(-24). Let c(m) = -m**2 - 6*m - 2. Let y be c(-5). Let p(j) = 7*j + y - r*j + 3*j - 3*j. What is p(5)?
8
Let f(y) = 9. Let k(g) = g + 20. Let m(z) = 5*f(z) - 2*k(z). What is m(5)?
-5
Suppose 3*z - z = -34. Let a = 24 + z. Let q(o) = -8*o**2 + o**3 - 2*o**3 + 5*o + 9 + 3*o**3 - o**3. Give q(a).
-5
Let p(c) = -c**2 + 5*c - 3. Let a(g) = 4*g**2 - 15*g + 10. Let k(n) = -2*a(n) - 7*p(n). Let y(z) = -z**2 + z - 1. Let j be y(3). Let d = j - -3. What is k(d)?
5
Let n(f) = -f**3 + f**2 + 5*f - 1. Let v be 4 + (-10)/((-60)/(-54)). Let m(c) = 4 + c**2 - c**3 + 4*c - 5 + 0. Let w(r) = v*m(r) + 4*n(r). Calculate w(-1).
-1
Let b(a) = -23*a**2 + 9. Let h(o) be the second derivative of o**4 - 5*o**2/2 - 2*o. Let r(d) = -4*b(d) - 7*h(d). Let m be (1/2)/((-18)/36). Give r(m).
7
Let q(k) be the first derivative of 5*k**4/2 + k**3/3 - k**2/2 + k + 48. Determine q(1).
11
Let g(c) be the first derivative of 3*c + 8 - 1/2*c**2. Let a(k) = k**3 + 3*k**2 + 2*k + 3. Let n be a(-3). Calculate g(n).
6
Let p(y) be the third derivative of y**5/60 - 13*y**4/24 + 7*y**3/2 - 2*y**2 + 190. What is p(12)?
9
Let q(v) = -765*v + 248*v + 258*v + 257*v + 2. Determine q(6).
-10
Suppose 24 = -4*o - x, -o + 9 = 7*x - 3*x. Let w(q) = q + 10. Give w(o).
3
Let h(m) = 3*m**3 - m**2 - m